
Calculate the remainder when 33562 is divided by 4792.
18
What is the remainder when 6919 is divided by 3445?
29
Calculate the remainder when 817 is divided by 287.
243
Calculate the remainder when 914 is divided by 281.
71
What is the remainder when 5789 is divided by 419?
342
Calculate the remainder when 15069 is divided by 13.
2
What is the remainder when 22015 is divided by 22014?
1
Calculate the remainder when 16455 is divided by 37.
27
What is the remainder when 181368 is divided by 76?
32
What is the remainder when 24907 is divided by 6225?
7
Calculate the remainder when 326352 is divided by 983.
979
What is the remainder when 12336 is divided by 189?
51
What is the remainder when 3773 is divided by 182?
133
What is the remainder when 12069 is divided by 312?
213
What is the remainder when 21684 is divided by 258?
12
What is the remainder when 5062 is divided by 267?
256
Calculate the remainder when 278556 is divided by 626.
612
What is the remainder when 51061 is divided by 25519?
23
What is the remainder when 37159 is divided by 3708?
79
What is the remainder when 1826 is divided by 582?
80
Calculate the remainder when 192767 is divided by 19276.
7
What is the remainder when 43854 is divided by 14613?
15
Calculate the remainder when 329167 is divided by 112.
111
What is the remainder when 410478 is divided by 16?
14
Calculate the remainder when 49322 is divided by 11.
9
Calculate the remainder when 3137 is divided by 782.
9
What is the remainder when 4250 is divided by 4100?
150
Calculate the remainder when 376158 is divided by 258.
252
What is the remainder when 28810 is divided by 1515?
25
What is the remainder when 1788 is divided by 960?
828
Calculate the remainder when 157029 is divided by 22430.
19
What is the remainder when 175230 is divided by 617?
2
Calculate the remainder when 31930 is divided by 8.
2
What is the remainder when 10733 is divided by 670?
13
What is the remainder when 226097 is divided by 75361?
14
Calculate the remainder when 28861 is divided by 9459.
484
What is the remainder when 22949 is divided by 148?
9
Calculate the remainder when 174397 is divided by 183.
181
What is the remainder when 2807 is divided by 27?
26
What is the remainder when 23979 is divided by 436?
435
Calculate the remainder when 750958 is divided by 1490.
1488
What is the remainder when 1494 is divided by 35?
24
What is the remainder when 4232 is divided by 1398?
38
What is the remainder when 13474 is divided by 13469?
5
What is the remainder when 24668 is divided by 7671?
1655
What is the remainder when 14659 is divided by 7291?
77
Calculate the remainder when 4748 is divided by 345.
263
Calculate the remainder when 8447 is divided by 47.
34
Calculate the remainder when 164631 is divided by 164624.
7
What is the remainder when 2977 is divided by 213?
208
Calculate the remainder when 4484 is divided by 85.
64
What is the remainder when 142846 is divided by 1605?
1
What is the remainder when 266 is divided by 61?
22
Calculate the remainder when 39587 is divided by 682.
31
Calculate the remainder when 34522 is divided by 4.
2
What is the remainder when 9190 is divided by 204?
10
What is the remainder when 908414 is divided by 926?
8
What is the remainder when 11199 is divided by 37?
25
Calculate the remainder when 31410 is divided by 37.
34
Calculate the remainder when 540 is divided by 243.
54
Calculate the remainder when 5118 is divided by 136.
86
What is the remainder when 418842 is divided by 29?
24
What is the remainder when 12925 is divided by 2154?
1
What is the remainder when 24014 is divided by 30?
14
Calculate the remainder when 54808 is divided by 1712.
24
Calculate the remainder when 349 is divided by 262.
87
Calculate the remainder when 809 is divided by 59.
42
Calculate the remainder when 2839 is divided by 462.
67
What is the remainder when 1799411 is divided by 128529?
5
What is the remainder when 3172902 is divided by 45?
42
Calculate the remainder when 32024 is divided by 31880.
144
What is the remainder when 151591 is divided by 379?
370
Calculate the remainder when 9945 is divided by 2420.
265
What is the remainder when 70927 is divided by 346?
343
What is the remainder when 27716 is divided by 334?
328
What is the remainder when 122359 is divided by 5319?
22
Calculate the remainder when 5929 is divided by 133.
77
Calculate the remainder when 24070 is divided by 11994.
82
Calculate the remainder when 22631 is divided by 111.
98
What is the remainder when 181375 is divided by 46?
43
Calculate the remainder when 27625 is divided by 3942.
31
What is the remainder when 81816 is divided by 29?
7
Calculate the remainder when 938524 is divided by 120.
4
What is the remainder when 964 is divided by 634?
330
Calculate the remainder when 23851 is divided by 367.
363
What is the remainder when 19190 is divided by 2?
0
What is the remainder when 31734 is divided by 27?
9
Calculate the remainder when 5610 is divided by 789.
87
What is the remainder when 38753 is divided by 1053?
845
What is the remainder when 4449 is divided by 217?
109
What is the remainder when 1121603 is divided by 27?
23
Calculate the remainder when 491 is divided by 24.
11
Calculate the remainder when 73533 is divided by 36763.
7
What is the remainder when 7988 is divided by 1995?
8
Calculate the remainder when 1849 is divided by 180.
49
What is the remainder when 70645 is divided by 4411?
69
Calculate the remainder when 80960 is divided by 176.
0
Calculate the remainder when 14154 is divided by 13.
10
What is the remainder when 11883 is divided by 2033?
1718
What is the remainder when 21764 is divided by 10814?
136
Calculate the remainder when 49251 is divided by 316.
271
What is the remainder when 1972 is divided by 311?
106
Calculate the remainder when 4894 is divided by 3876.
1018
What is the remainder when 3369741 is divided by 336?
333
What is the remainder when 985 is divided by 333?
319
What is the remainder when 14587085 is divided by 16?
13
Calculate the remainder when 12904 is divided by 60.
4
What is the remainder when 3112 is divided by 3105?
7
Calculate the remainder when 282495 is divided by 205.
5
Calculate the remainder when 126629 is divided by 2584.
13
What is the remainder when 25819 is divided by 111?
67
What is the remainder when 27729 is divided by 522?
63
What is the remainder when 1322 is divided by 1268?
54
Calculate the remainder when 49421 is divided by 229.
186
What is the remainder when 1392 is divided by 96?
48
What is the remainder when 38474 is divided by 81?
80
What is the remainder when 1129353 is divided by 1520?
1513
Calculate the remainder when 14541 is divided by 18.
15
What is the remainder when 18729 is divided by 7?
4
What is the remainder when 1166 is divided by 1026?
140
What is the remainder when 173162 is divided by 283?
249
Calculate the remainder when 6256 is divided by 619.
66
Calculate the remainder when 6964 is divided by 992.
20
Calculate the remainder when 30312 is divided by 523.
501
Calculate the remainder when 443701 is divided by 37.
34
Calculate the remainder when 8989 is divided by 676.
201
Calculate the remainder when 12358 is divided by 25.
8
What is the remainder when 3644 is divided by 1524?
596
What is the remainder when 13690 is divided by 42?
40
Calculate the remainder when 5255 is divided by 51.
2
Calculate the remainder when 22569 is divided by 297.
294
Calculate the remainder when 12853 is divided by 124.
81
What is the remainder when 32755 is divided by 10862?
169
What is the remainder when 63127 is divided by 31562?
3
What is the remainder when 43527 is divided by 1542?
351
What is the remainder when 292573 is divided by 58513?
8
What is the remainder when 4158 is divided by 3993?
165
What is the remainder when 4653 is divided by 48?
45
Calculate the remainder when 20132 is divided by 88.
68
What is the remainder when 596010 is divided by 59600?
10
What is the remainder when 219449 is divided by 96?
89
What is the remainder when 5076 is divided by 1585?
321
What is the remainder when 70724 is divided by 42?
38
Calculate the remainder when 152107 is divided by 106.
103
Calculate the remainder when 88422 is divided by 75.
72
Calculate the remainder when 10248 is divided by 1121.
159
Calc